{"id":5,"date":"2021-12-07T17:55:01","date_gmt":"2021-12-07T17:55:01","guid":{"rendered":"https:\/\/websitebuilder-demo.net\/orangephotography\/?page_id=5"},"modified":"2024-06-10T21:19:08","modified_gmt":"2024-06-10T21:19:08","slug":"home","status":"publish","type":"page","link":"https:\/\/nbpsihoterapija.com\/","title":{"rendered":"Home"},"content":{"rendered":"<div class=\"brz-root__container brz-reset-all\">\n<section id=\"schiuvxasxflayixfezwhbsktduqiwfnyyqu\" class=\"brz-section brz-css-sRYaD brz-css-vqGuO\">\n<div class=\"brz-section__content brz-section--fullWidth brz-css-mtfG4 brz-css-h5wnx\" data-brz-custom-id=\"geplyxpchjmcjvnofdohzapftcviyqocgivr\">\n<div class=\"brz-bg\"><\/div>\n<div class=\"brz-container brz-css-roszi brz-css-jmuqb\">\n<div class=\"brz-row__container brz-css-zY7uQ\" data-brz-custom-id=\"pzhilqvgrnfdqrefjclfpkvgiqprhylvjmvd\">\n<div class=\"brz-bg\"><\/div>\n<div class=\"brz-row brz-css-hPrLt brz-css-b0VAc\">\n<div class=\"brz-columns brz-css-nIY4n brz-css-q3cqe\" data-brz-custom-id=\"uelyulwuinmklpcvmoteraoguqsnmivlzdpn\">\n<div class=\"brz-bg\"><\/div>\n<div class=\"brz-column__items brz-css-bFrBp brz-css-jI9Nk\">\n<div id class=\"brz-css-ml7S5 brz-css-nRvYB brz-wrapper\">\n<div class=\"brz-image brz-css-mOP7W\" data-brz-custom-id=\"muqkfvxzgikaipvxgafzyodcarfuimlhhcnu\"><a class=\"brz-a\" href=\"\" target=\"_self\" rel=\"noopener\" data-brz-link-type=\"page\"><img decoding=\"async\" class=\"brz-img\" src=\"https:\/\/nbpsihoterapija.com\/wp-content\/uploads\/2024\/04\/Artboard-14.png\" alt=\"\" loading=\"lazy\"><\/a><\/div>\n<\/div>\n<\/div>\n<\/div>\n<div class=\"brz-columns brz-css-nIY4n brz-css-nNeZ9\" data-brz-custom-id=\"rtkrvgbgujjzqyetdicenjmuktefqhynrnrd\">\n<div class=\"brz-bg\"><\/div>\n<div class=\"brz-column__items brz-css-bFrBp brz-css-toxBt\">\n<div id class=\"brz-css-ml7S5 brz-css-g1GKW brz-wrapper\">\n<div class=\"brz-menu__container brz-css-es74K brz-css-urhIj\" data-mmenu-id=\"#gapqkhqtzxklajazmqymprqcfktbmbysydbq\" data-mmenu-position=\"position-left\" data-mmenu-title data-mmenu-stickytitle=\"on\" data-mmenu-isslider=\"false\" data-mmenu-closingicon=\"%7B%22desktop%22%3A%22off%22%2C%22tablet%22%3A%22off%22%2C%22mobile%22%3A%22off%22%7D\" data-brz-custom-id=\"gapqkhqtzxklajazmqymprqcfktbmbysydbq\">\n<nav class=\"brz-menu brz-menu__preview brz-css-m7nyU brz-css-hnDhG\">\n<ul class=\"brz-menu__ul\" data-menu-items-active=\"\">\n<li class=\"brz-menu__item brz-menu__item--current\" data-menu-item-id=\"7f151bcbb54e84effbeb9129796ffd9d\"><a class=\"brz-a menu-item menu-item-type-post_type menu-item-object-page menu-item-home current-menu-item page_item page-item-5 current_page_item\" href=\"https:\/\/nbpsihoterapija.com\/\" target=\"_self\" rel=\"noopener\" data-brz-link-type=\"external\"><span class=\"brz-span\">Home<\/span><\/a><\/li>\n<li class=\"brz-menu__item\" data-menu-item-id=\"566e43b91c6ff9b5fb41f1a125040dcf\"><a class=\"brz-a menu-item menu-item-type-post_type menu-item-object-page\" href=\"https:\/\/nbpsihoterapija.com\/?page_id=31\" target=\"_self\" rel=\"noopener\" data-brz-link-type=\"external\"><span class=\"brz-span\">O nama<\/span><\/a><\/li>\n<li class=\"brz-menu__item\" data-menu-item-id=\"73b52f571e5423f15755c4f8c51d5548\"><a class=\"brz-a menu-item menu-item-type-post_type menu-item-object-page\" href=\"https:\/\/nbpsihoterapija.com\/?page_id=18\" target=\"_self\" rel=\"noopener\" data-brz-link-type=\"external\"><span class=\"brz-span\">Event<\/span><\/a><\/li>\n<li class=\"brz-menu__item\" data-menu-item-id=\"0ea142c25f155895251e6f9a970a6458\"><a class=\"brz-a menu-item menu-item-type-post_type menu-item-object-page\" href=\"https:\/\/nbpsihoterapija.com\/?page_id=566\" target=\"_self\" rel=\"noopener\" data-brz-link-type=\"external\"><span class=\"brz-span\">Rekli su<\/span><\/a><\/li>\n<li class=\"brz-menu__item\" data-menu-item-id=\"ec65dfe36af7db218d6fc3849e3829ca\"><a class=\"brz-a menu-item menu-item-type-post_type menu-item-object-page\" href=\"https:\/\/nbpsihoterapija.com\/?page_id=50\" target=\"_self\" rel=\"noopener\" data-brz-link-type=\"external\"><span class=\"brz-span\">FAQ<\/span><\/a><\/li>\n<li class=\"brz-menu__item\" data-menu-item-id=\"0e2c7c43b5a3ad3d0f80d4e6d324cfd6\"><a class=\"brz-a menu-item menu-item-type-post_type menu-item-object-page\" href=\"https:\/\/nbpsihoterapija.com\/?page_id=60\" target=\"_self\" rel=\"noopener\" data-brz-link-type=\"external\"><span class=\"brz-span\">Kontakt<\/span><\/a><\/li>\n<\/ul>\n<\/nav>\n<div class=\"brz-mm-menu__icon\"><\/div>\n<nav id=\"gapqkhqtzxklajazmqymprqcfktbmbysydbq\" class=\"brz-menu brz-menu__mmenu brz-menu__preview brz-css-m7nyU brz-css-hnDhG\">\n<ul class=\"brz-menu__ul\" data-menu-items-active=\"\">\n<li class=\"brz-mm-menu__item brz-mm-menu__item-empty brz-mm-menu__item--current\" data-menu-item-id=\"7f151bcbb54e84effbeb9129796ffd9d\"><a class=\"brz-a menu-item menu-item-type-post_type menu-item-object-page menu-item-home current-menu-item page_item page-item-5 current_page_item\" href=\"https:\/\/nbpsihoterapija.com\/\" target=\"_self\" rel=\"noopener\" data-brz-link-type=\"external\"><span class=\"brz-span\">Home<\/span><\/a>\n<div><\/div>\n<\/li>\n<li class=\"brz-mm-menu__item brz-mm-menu__item-empty\" data-menu-item-id=\"566e43b91c6ff9b5fb41f1a125040dcf\"><a class=\"brz-a menu-item menu-item-type-post_type menu-item-object-page\" href=\"https:\/\/nbpsihoterapija.com\/?page_id=31\" target=\"_self\" rel=\"noopener\" data-brz-link-type=\"external\"><span class=\"brz-span\">O nama<\/span><\/a>\n<div><\/div>\n<\/li>\n<li class=\"brz-mm-menu__item brz-mm-menu__item-empty\" data-menu-item-id=\"73b52f571e5423f15755c4f8c51d5548\"><a class=\"brz-a menu-item menu-item-type-post_type menu-item-object-page\" href=\"https:\/\/nbpsihoterapija.com\/?page_id=18\" target=\"_self\" rel=\"noopener\" data-brz-link-type=\"external\"><span class=\"brz-span\">Event<\/span><\/a>\n<div><\/div>\n<\/li>\n<li class=\"brz-mm-menu__item brz-mm-menu__item-empty\" data-menu-item-id=\"0ea142c25f155895251e6f9a970a6458\"><a class=\"brz-a menu-item menu-item-type-post_type menu-item-object-page\" href=\"https:\/\/nbpsihoterapija.com\/?page_id=566\" target=\"_self\" rel=\"noopener\" data-brz-link-type=\"external\"><span class=\"brz-span\">Rekli su<\/span><\/a>\n<div><\/div>\n<\/li>\n<li class=\"brz-mm-menu__item brz-mm-menu__item-empty\" data-menu-item-id=\"ec65dfe36af7db218d6fc3849e3829ca\"><a class=\"brz-a menu-item menu-item-type-post_type menu-item-object-page\" href=\"https:\/\/nbpsihoterapija.com\/?page_id=50\" target=\"_self\" rel=\"noopener\" data-brz-link-type=\"external\"><span class=\"brz-span\">FAQ<\/span><\/a>\n<div><\/div>\n<\/li>\n<li class=\"brz-mm-menu__item brz-mm-menu__item-empty\" data-menu-item-id=\"0e2c7c43b5a3ad3d0f80d4e6d324cfd6\"><a class=\"brz-a menu-item menu-item-type-post_type menu-item-object-page\" href=\"https:\/\/nbpsihoterapija.com\/?page_id=60\" target=\"_self\" rel=\"noopener\" data-brz-link-type=\"external\"><span class=\"brz-span\">Kontakt<\/span><\/a>\n<div><\/div>\n<\/li>\n<\/ul>\n<\/nav>\n<\/div>\n<\/div>\n<\/div>\n<\/div>\n<div class=\"brz-columns brz-css-nIY4n brz-css-bYFWL\" data-brz-custom-id=\"kuyAbBSqFaeo\">\n<div class=\"brz-bg\"><\/div>\n<div class=\"brz-column__items brz-css-bFrBp brz-css-saWcf\">\n<div id class=\"brz-css-ml7S5 brz-css-t4zn9 brz-wrapper\">\n<div class=\"brz-menu__container brz-css-es74K brz-css-kfa3R\" data-brz-custom-id=\"yWFCLyiZ5BVm\">\n<nav class=\"brz-menu brz-menu__preview brz-css-m7nyU brz-css-jbzfC\">\n<ul class=\"brz-menu__ul\" data-menu-items-active=\"\">\n<li class=\"brz-menu__item brz-menu__item-dropdown\" data-menu-item-id=\"e73c9c513e875ab7027b368c308c9907\"><a class=\"brz-a menu-item menu-item-type-custom menu-item-object-custom\" href=\"\" target=\"_self\" rel=\"noopener\" data-brz-link-type=\"external\"><span class=\"brz-span\">MNE<\/span><\/a>\n<ul data-settings=\"%7B%22mods%22%3A%7B%22desktop%22%3A%22horizontal%22%2C%22tablet%22%3A%22horizontal%22%2C%22mobile%22%3A%22horizontal%22%7D%2C%22placement%22%3A%7B%22desktop%22%3A%22bottom-start%22%2C%22tablet%22%3A%22bottom-start%22%2C%22mobile%22%3A%22bottom-start%22%7D%7D\" class=\"brz-menu__dropdown brz-menu__sub-menu\">\n<li class=\"brz-menu__item\" data-menu-item-id=\"6c6e272a93afb0365ce2098c2bf5d2df\"><a class=\"brz-a menu-item menu-item-type-custom menu-item-object-custom\" href=\"http:\/\/eng.nbpsihoterapija.com\" target=\"_self\" rel=\"noopener\" data-brz-link-type=\"external\"><span class=\"brz-span\">ENG<\/span><\/a><\/li>\n<li class=\"brz-menu__item\" data-menu-item-id=\"18ef23bd14da4ca4e3946b90edc968ed\"><a class=\"brz-a menu-item menu-item-type-custom menu-item-object-custom\" href=\"https:\/\/rus.nbpsihoterapija.com\/\" target=\"_self\" rel=\"noopener\" data-brz-link-type=\"external\"><span class=\"brz-span\">\u0420\u0423\u0421<\/span><\/a><\/li>\n<\/ul>\n<\/li>\n<\/ul>\n<\/nav>\n<\/div>\n<\/div>\n<\/div>\n<\/div>\n<div class=\"brz-columns brz-css-nIY4n brz-css-rcJHA\" data-brz-custom-id=\"jiajcdycmizcfmzrcugfmkkelnuyolyllndb\">\n<div class=\"brz-bg\"><\/div>\n<div class=\"brz-column__items brz-css-bFrBp brz-css-nvV6c\">\n<div class=\"brz-wrapper-clone brz-css-hURR5 brz-css-r1eEn\">\n<div class=\"brz-d-xs-flex brz-flex-xs-wrap brz-css-wls52 brz-css-kYii4\" data-brz-custom-id>\n<div class=\"brz-wrapper-clone__item\" id=\"flxperngcqnjxavxfaacmkmancwusqcceuof\"><a class=\"brz-a brz-btn brz-css-qA80B brz-css-ig8TX\" href=\"http:\/\/www.gigstix.me\/moving-forward-from-trauma-jun-2024\" target=\"_blank\" rel=\"noopener\" data-brz-link-type=\"external\" data-brz-custom-id=\"flxperngcqnjxavxfaacmkmancwusqcceuof\"><span data-brz-translate-text=\"1\" class=\"brz-span brz-text__editor\">BUY TICKETS NOW<\/span><\/a><\/div>\n<\/div>\n<\/div>\n<\/div>\n<\/div>\n<\/div>\n<\/div>\n<\/div>\n<\/div>\n<\/section>\n<section id=\"cKwyzW_toqWX\" class=\"brz-section brz-css-sRYaD brz-css-rJnye\">\n<div class=\"brz-section__content brz-section--boxed brz-css-mtfG4 brz-css-rHP_a\" data-brz-custom-id=\"iWbV7e7ccsR1\">\n<div class=\"brz-container brz-css-roszi\"><\/div>\n<\/div>\n<\/section>\n<section id=\"hsvbwzaviejifbtfblylnxdbvalkttfndxpp\" class=\"brz-section brz-css-sRYaD brz-css-pcGCn\">\n<div class=\"brz-slick-slider brz-slick-slider__section\" data-slides-to-show=\"1\" data-slides-to-scroll=\"1\" data-arrows=\"true\" data-dots=\"false\" data-dots-class=\"brz-slick-slider__dots brz-slick-slider__dots--none\" data-fade=\"false\" data-vertical=\"false\" data-auto-play=\"true\" data-auto-play-speed=\"3000\" data-animation-speed=\"500\" data-swipe=\"true\" data-responsive=\"%5B%7B%22breakpoint%22%3A767%2C%22settings%22%3A%7B%22slidesToShow%22%3A1%2C%22slidesToScroll%22%3A1%7D%7D%5D\">\n<div>\n<div class=\"brz-section__content brz-section--fullWidth brz-css-mtfG4 brz-css-xbgW6\" data-brz-custom-id=\"mzgggupnrrytcqsfdqmojoabaevpkwokpuuu\">\n<div class=\"brz-bg\">\n<div class=\"brz-bg-image\"><\/div>\n<div class=\"brz-bg-color\"><\/div>\n<\/div>\n<div class=\"brz-container brz-css-roszi brz-css-zkgPZ\">\n<div id class=\"brz-css-ml7S5 brz-css-nw0Ys brz-wrapper\">\n<div class=\"brz-spacer brz-css-jRhCH brz-css-oM4lt\"><\/div>\n<\/div>\n<div id class=\"brz-css-ml7S5 brz-css-nw0Ys brz-wrapper\">\n<div class=\"brz-spacer brz-css-jRhCH brz-css-zVLv7\"><\/div>\n<\/div>\n<\/div>\n<\/div>\n<\/div>\n<div>\n<div class=\"brz-section__content brz-section--boxed brz-css-mtfG4 brz-css-o6zV9\" data-brz-custom-id=\"zsiulofyhtlgwoqqcpvbvcuwytdltadyzcxk\">\n<div class=\"brz-bg\">\n<div class=\"brz-bg-image\"><\/div>\n<div class=\"brz-bg-color\"><\/div>\n<\/div>\n<div class=\"brz-container brz-css-roszi\">\n<div class=\"brz-row__container brz-css-zY7uQ brz-css-bql7f\" data-brz-custom-id=\"lhMRwGDsAuhP\">\n<div class=\"brz-bg\"><\/div>\n<div class=\"brz-row brz-css-hPrLt\">\n<div class=\"brz-columns brz-css-nIY4n brz-css-yhvl6\" data-brz-custom-id=\"pe3uFMztre0r\">\n<div class=\"brz-bg\"><\/div>\n<div class=\"brz-column__items brz-css-bFrBp brz-css-z5uSz\">\n<div id class=\"brz-css-ml7S5 brz-wrapper\">\n<div class=\"brz-rich-text brz-rich-text__custom brz-css-whcyz\" data-brz-custom-id=\"kv6kHpXB4WWI\">\n<div data-brz-translate-text=\"1\">\n<h1 class=\"brz-ft-upload brz-ff-hPTgzhOkMtd9 brz-fsft-sm-0 brz-fwdth-sm-100 brz-vfw-sm-500 brz-lh-sm-1_2 brz-ls-sm-0 brz-fw-sm-400 brz-fss-sm-px brz-fs-sm-25 brz-tp-sm-empty brz-tp-lg-heading1 brz-css-kVcJn\" data-generated-css=\"brz-css-chh09\" data-uniq-id=\"p9JPm\"><span class=\"brz-cp-color1\">Trauma nije faul na utakmici, nego povreda noge &#8211; <\/span><span class=\"brz-cp-color5\">tjera da se odvojimo<\/span><span class=\"brz-cp-color1\"> od dijelova sebe koji su povrije\u0111eni, zato \u0161to je bolno kada &#8216;gazimo&#8217; hodaju\u0107i s njima.<\/span><\/h1>\n<\/div>\n<\/div>\n<\/div>\n<\/div>\n<\/div>\n<div class=\"brz-columns brz-css-nIY4n brz-css-vZjU6\" data-brz-custom-id=\"l1rVFZUQFADH\">\n<div class=\"brz-bg\"><\/div>\n<div class=\"brz-column__items brz-css-bFrBp\"><\/div>\n<\/div>\n<\/div>\n<\/div>\n<div id class=\"brz-css-ml7S5 brz-css-nw0Ys brz-wrapper\">\n<div class=\"brz-spacer brz-css-jRhCH brz-css-i1eMd\"><\/div>\n<\/div>\n<\/div>\n<\/div>\n<\/div>\n<div>\n<div class=\"brz-section__content brz-section--boxed brz-css-mtfG4 brz-css-r978u\" data-brz-custom-id=\"xqwobmveehmaqbtmyjrpdisjnyawobacaiil\">\n<div class=\"brz-bg\">\n<div class=\"brz-bg-image\"><\/div>\n<div class=\"brz-bg-color\"><\/div>\n<\/div>\n<div class=\"brz-container brz-css-roszi\">\n<div class=\"brz-row__container brz-css-zY7uQ\" data-brz-custom-id=\"lEO3ORHsUDuQ\">\n<div class=\"brz-bg\"><\/div>\n<div class=\"brz-row brz-css-hPrLt\">\n<div class=\"brz-columns brz-css-nIY4n brz-css-q2t58\" data-brz-custom-id=\"dHBkMtBp7B9I\">\n<div class=\"brz-bg\"><\/div>\n<div class=\"brz-column__items brz-css-bFrBp\">\n<div id class=\"brz-css-ml7S5 brz-wrapper\">\n<div class=\"brz-rich-text brz-rich-text__custom brz-css-whcyz\" data-brz-custom-id=\"gRhYci4Jw_OW\">\n<div data-brz-translate-text=\"1\">\n<h1 class=\"brz-text-xs-center brz-fss-lg-px brz-fw-lg-400 brz-ls-lg-0 brz-lh-lg-1_2 brz-vfw-lg-500 brz-fwdth-lg-100 brz-fsft-lg-0 brz-tp-lg-empty brz-fs-lg-24 brz-tp-sm-empty brz-fs-sm-20 brz-fss-sm-px brz-fw-sm-400 brz-ls-sm-0 brz-lh-sm-1_2 brz-vfw-sm-500 brz-fwdth-sm-100 brz-fsft-sm-0 brz-ff-hPTgzhOkMtd9 brz-ft-upload brz-css-whrWV\" data-generated-css=\"brz-css-kJBbx\" data-uniq-id=\"pHjpO\"><span class=\"brz-cp-color5\">Trauma<\/span> vas ne \u010dini ja\u010dim, trauma vas \u010dini &#8211; traumatizovanim. Ako se desilo bilo \u0161ta zbog \u010dega ste osjetili bol, tugu, strah, strepnju, bilo koju intezivno neprijatnu emociju, a onda ste to \u201cprogutali\u201d, \u201csuzu nijeste pustili\u201d, i vi\u0161e ni\u0161ta nijeste osje\u0107ali&#8230; Nijeste zbog toga ja\u010di. Anestezirani ste. Potisnuli ste. Napravili ste unutra\u0161nji rascjep izme\u0111u onoga \u0161to Va\u0161e bi\u0107e zna da mu treba, i onoga \u0161to Va\u0161 um smatra prihvatljivim.<\/h1>\n<h1 class=\"brz-text-xs-center brz-fss-lg-px brz-fw-lg-400 brz-ls-lg-0 brz-lh-lg-1_2 brz-vfw-lg-500 brz-fwdth-lg-100 brz-fsft-lg-0 brz-tp-lg-empty brz-ff-hPTgzhOkMtd9 brz-ft-upload brz-fs-lg-24 brz-css-bv3dX\" data-generated-css=\"brz-css-b1zOu\" data-uniq-id=\"zDZsG\"><\/h1>\n<h1 class=\"brz-text-xs-center brz-fss-lg-px brz-fw-lg-400 brz-ls-lg-0 brz-lh-lg-1_2 brz-vfw-lg-500 brz-fwdth-lg-100 brz-fsft-lg-0 brz-tp-lg-empty brz-fs-lg-24 brz-fss-sm-px brz-fw-sm-400 brz-ls-sm-0 brz-lh-sm-1_2 brz-vfw-sm-500 brz-fwdth-sm-100 brz-fsft-sm-0 brz-ff-hPTgzhOkMtd9 brz-ft-upload brz-tp-sm-empty brz-fs-sm-20 brz-css-zQDPu\" data-generated-css=\"brz-css-a4DsS\" data-uniq-id=\"cT64h\"><span class=\"brz-cp-color5\">Oslobodite sebe<\/span> tiranije unutra\u0161njeg vjerovanja da morate i trebate da podnosite sve, da bi neko drugi validirao va\u0161u vrijednost, i udijelio vam epitet \u201cjak(a)\u201d.<\/h1>\n<\/div>\n<\/div>\n<\/div>\n<\/div>\n<\/div>\n<div class=\"brz-columns brz-css-nIY4n brz-css-sCJ5v\" data-brz-custom-id=\"bZ1OUBC7f8Fz\">\n<div class=\"brz-bg\"><\/div>\n<div class=\"brz-column__items brz-css-bFrBp\"><\/div>\n<\/div>\n<\/div>\n<\/div>\n<div id class=\"brz-css-ml7S5 brz-css-nw0Ys brz-wrapper\">\n<div class=\"brz-spacer brz-css-jRhCH\"><\/div>\n<\/div>\n<\/div>\n<\/div>\n<\/div>\n<\/div>\n<\/section>\n<\/div>\n<p>    <!-- version:1718054348 --><\/p>\n","protected":false},"excerpt":{"rendered":"<p>Home O nama Event Rekli su FAQ Kontakt Home O nama Event Rekli su FAQ Kontakt MNE ENG \u0420\u0423\u0421 BUY TICKETS NOW Trauma nije faul na utakmici, nego povreda noge &#8211; tjera da se odvojimo od dijelova sebe koji su povrije\u0111eni, zato \u0161to je bolno kada &#8216;gazimo&#8217; hodaju\u0107i s njima. Trauma vas ne \u010dini ja\u010dim, [&hellip;]<\/p>\n","protected":false},"author":1,"featured_media":91,"parent":0,"menu_order":0,"comment_status":"closed","ping_status":"closed","template":"brizy-blank-template.php","meta":{"om_disable_all_campaigns":false,"_monsterinsights_skip_tracking":false,"_monsterinsights_sitenote_active":false,"_monsterinsights_sitenote_note":"","_monsterinsights_sitenote_category":0,"_uf_show_specific_survey":0,"_uf_disable_surveys":false,"footnotes":""},"class_list":["post-5","page","type-page","status-publish","has-post-thumbnail","hentry"],"aioseo_notices":[],"_links":{"self":[{"href":"https:\/\/nbpsihoterapija.com\/index.php?rest_route=\/wp\/v2\/pages\/5","targetHints":{"allow":["GET"]}}],"collection":[{"href":"https:\/\/nbpsihoterapija.com\/index.php?rest_route=\/wp\/v2\/pages"}],"about":[{"href":"https:\/\/nbpsihoterapija.com\/index.php?rest_route=\/wp\/v2\/types\/page"}],"author":[{"embeddable":true,"href":"https:\/\/nbpsihoterapija.com\/index.php?rest_route=\/wp\/v2\/users\/1"}],"replies":[{"embeddable":true,"href":"https:\/\/nbpsihoterapija.com\/index.php?rest_route=%2Fwp%2Fv2%2Fcomments&post=5"}],"version-history":[{"count":30,"href":"https:\/\/nbpsihoterapija.com\/index.php?rest_route=\/wp\/v2\/pages\/5\/revisions"}],"predecessor-version":[{"id":1339,"href":"https:\/\/nbpsihoterapija.com\/index.php?rest_route=\/wp\/v2\/pages\/5\/revisions\/1339"}],"wp:featuredmedia":[{"embeddable":true,"href":"https:\/\/nbpsihoterapija.com\/index.php?rest_route=\/wp\/v2\/media\/91"}],"wp:attachment":[{"href":"https:\/\/nbpsihoterapija.com\/index.php?rest_route=%2Fwp%2Fv2%2Fmedia&parent=5"}],"curies":[{"name":"wp","href":"https:\/\/api.w.org\/{rel}","templated":true}]}}